t k(x) = -3 - 8*x + x**3 + 20 + 3552*x**2 - 5*x - 3554*x**2. Calculate k(4).
-3
Let t(g) = 26*g + 18. Let f(m) = -36*m - 19. Let l(w) = -3*f(w) - 4*t(w). Calculate l(-10).
-55
Suppose 0*s - s - 2*y = 0, -4*y - 20 = -3*s. Suppose -51 = j - 57. Let c(w) = -101*w**3 + j*w**2 - s*w - 4 - 3*w + 102*w**3. What is c(-7)?
-4
Let k(p) = 14*p**3 - 53*p**2 - 12*p - 52. Let i(x) = -3*x**3 + 13*x**2 + 3*x + 15. Let c(z) = -9*i(z) - 2*k(z). What is c(-11)?
2
Let o(k) = -k**3 - 21*k**2 - 54*k + 9. Let c be o(-18). Let t(j) = -j**2 + 2*j + 21. Give t(c).
-42
Let f(a) = a - 4. Let s be (31/(-124))/(2/296). Suppose 90 = t + 2*t. Let n = t + s. Give f(n).
-11
Let v = -287 - -292. Let j(p) = -14*p**3 + 29*p**2 - 13*p + 21. Let b(f) = 5*f**3 - 10*f**2 + 4*f - 7. Let c(x) = 11*b(x) + 4*j(x). Give c(v).
-8
Let q(g) be the third derivative of g**6/60 + 2*g**5/15 - g**4/8 - g**3 + 91*g**2 + 10*g. What is q(-6)?
-132
Let q(h) = 2*h - 1. Suppose -47*c + 54*c = 28. Suppose -8 = a + c*z, 2*a = -z + 3*z + 14. What is q(a)?
7
Let w(f) = f**2 - 1393*f + 15217. Let o be w(11). Let k(q) be the third derivative of -q**5/60 + 3*q**4/4 - 7*q**3 - q**2. Give k(o).
3
Let u(k) = k**3 - 6*k**2 + 2*k + 4. Let o(w) = w**3 - 24*w**2 + 43*w + 46. Let m be o(22). Suppose 2*g - h - 18 = -3, -3*g + 2*h = -m. What is u(g)?
16
Let k(x) = -26*x**2 - 37*x + 682. Let d(l) = 9*l**2 + 12*l - 247. Let r(h) = 11*d(h) + 4*k(h). Give r(-4).
-5
Let f(x) = -x**2 - 372*x - 1110. Let z be f(-3). Let l(v) = -v**3 + v**2 + 15*v + 13. Determine l(z).
4
Let q(n) = 4*n - 16. Suppose -12 - 58 = -14*i. What is q(i)?
4
Let p(s) = 4210*s - 4195*s + 2620*s**3 + 13 - 2619*s**3 - 11*s**2. What is p(9)?
-14
Let a(o) = 74*o**3 - 1. Let h(q) = q**2 + 3*q - 53. Let u be h(-9). Give a(u).
73
Let b(r) be the third derivative of r**5/60 - 5*r**4/12 + 13*r**3/6 + 134*r**2 - 2. Determine b(8).
-3
Let n(f) = 8*f**3 + 4*f + 3. Let r(m) = 16*m**3 + 7*m + 5. Let j(y) = 5*n(y) - 3*r(y). Let l be -64 + 54 - (-4)/(8/18). Calculate j(l).
9
Let n = -4067 + 4059. Let t(u) = u**3 + 9*u**2 + 8*u + 8. What is t(n)?
8
Let t(b) = 30 - 12 - 17 - b**2 - 5*b. Suppose 28*p - 30*p = -10. Suppose 2*n + 21 = -4*c - 9, p*c + 45 = -5*n. What is t(c)?
-5
Let g be -1 - (3 + -7 + -1622). Let z = g - 1042. Let x(p) = -z + 22*p + 583. What is x(1)?
22
Let w(b) = 5*b**3 + 5*b**2 - 7*b + 4. Let c(h) = h**3 + 3*h**2 + 1. Let t(a) = 4*c(a) - w(a). Give t(5).
85
Suppose s + 7 - 14 = -2*m, 2*s - 6 = 4*m. Let i be m/((-5)/((-100)/5)). Let b(f) = 3*f - 4. Calculate b(i).
8
Let p(g) = -35*g + 104. Let t = -857 + 860. Determine p(t).
-1
Let p(r) = -5*r**2 - 91*r + 62. Let v(y) = 3*y**2 + 58*y - 41. Let z(a) = 5*p(a) + 8*v(a). Calculate z(8).
-10
Let l(m) = 17*m - 101. Suppose -53*c - 28*c + 486 = 0. Determine l(c).
1
Let f(r) be the first derivative of -r**4/4 + 8*r**3/3 + 11*r**2/2 - 12*r - 1. Suppose 21*n - 128 = 20*n. Let h = n - 119. What is f(h)?
6
Let g(j) = 4*j**3 - 20*j**2 + 14*j - 12. Let l(z) = -5*z**3 + 21*z**2 - 19*z + 12. Let y(q) = 6*g(q) + 5*l(q). What is y(-14)?
-54
Let k(d) be the third derivative of -d**4/24 + 3*d**3/2 - 299841*d**2. Let y be 2*2*-1*2. Determine k(y).
17
Suppose 4*l = -g - 24, g + 30 = l - 6*l. Let k(v) = v**2 + 9*v + 22. Let p be k(l). Let t(a) = -a + 5. Calculate t(p).
1
Let r(q) be the first derivative of -2*q**3/3 - 6*q**2 + 5*q - 1217. What is r(-7)?
-9
Let b(r) = -3*r + 55. Let m(o) = -234*o + 6116. Let l be m(26). Determine b(l).
-41
Let n(j) = -38 - 33 + 140 - 34 - 6*j - 34. Determine n(-3).
19
Let h = -143 - -116. Let f(u) = u**3 + 27*u**2 + 2*u + 52. Let j be f(h). Let p(r) = 6*r + 10. Determine p(j).
-2
Let u(g) be the first derivative of 2*g**3/3 - 21*g**2/2 + 17*g + 3414. Determine u(10).
7
Suppose -14*p - 644 = -574. Let q(k) = k**2 + 15*k + 4. Calculate q(p).
-46
Suppose 195*p = 191*p + 8. Suppose -p*d - 12 = -8. Let m(c) = -c**2 - 2*c - 4. What is m(d)?
-4
Let d(b) be the first derivative of -b**4/4 + 28*b**3/3 + 3*b**2 - 179*b + 5516. Calculate d(28).
-11
Let w be (-4 + 8)*3/(-2). Let f(n) = 8*n - 185. Let z(j) = -5*j + 105. Let q(m) = 4*f(m) + 7*z(m). Determine q(w).
13
Let k(v) = -3*v**2 - 17*v + 5. Let b(z) = 4*z**2 + 24*z - 7. Let f(u) = -2*b(u) - 3*k(u). Calculate f(-2).
-3
Suppose 9*j - 8*j - 5*y = -374, 0 = 3*j + 5*y + 1082. Let m be 5/((-30)/4) + j/(-42). Let s(x) = x**3 - 7*x**2 - 8*x - 7. What is s(m)?
-7
Suppose 1280 = -359*u + 103*u. Let r(f) = 61*f + 300. Calculate r(u).
-5
Suppose 313 - 305 = 2*x. Let w(v) = 4 - 2*v**3 - 11 + 10 + 13*v**2 + x + v**3 - 13*v. What is w(12)?
-5
Let m(y) be the first derivative of 2*y**3 + 39*y**2/2 + 16*y + 2258. Calculate m(-6).
-2
Suppose 2*t - 53 + 30 = 3*c, c = -t + 9. Suppose 4*k - 4*r - 61 = -13, 5*k + 5*r = t. Let i(w) = 16 + 4*w + 0*w - 5*w. Give i(k).
9
Let s = -17129 - -17105. Let h(n) = n**2 + 25*n + 29. Calculate h(s).
5
Let k(w) be the first derivative of -71*w**2/2 + 3*w - 1389. What is k(-1)?
74
Suppose -5*y + y - 25 = 3*w, w - 15 = y. Let z be (-14 - -17)/(-1 + (-4)/y). Let c(p) = -p - 12. What is c(z)?
-7
Let p(l) = -l**3 + 17*l**2 + 17*l + 19. Suppose -21*s = -239 - 139. What is p(s)?
1
Let b(w) = w**2 - 6*w - 14. Let f = 5057 + -5045. Calculate b(f).
58
Let z(d) = -2*d**2 - 6*d - 6. Suppose -5*l + 12 - 7 = 0. Let i be 0/(l/((-2)/4)). Suppose -5*o - 4 - 16 = i. Determine z(o).
-14
Let d(m) = 45168*m - 90336*m + 45169*m - 6. What is d(8)?
2
Let f(k) be the first derivative of -k**2/2 - 15*k + 5. Suppose 30 = -5*a + 5*y, 4*a + 334*y + 66 = 331*y. Calculate f(a).
-3
Let z(x) = 42*x**2 - 10*x - 19. Let c(l) = -19*l**2 + 5*l + 8. Let d(o) = -9*c(o) - 4*z(o). Determine d(0).
4
Suppose 4*w = -4*o + 60, 3*w = 5*o - w - 111. Let y(q) = -67*q - q**3 - 188*q**2 + o + 203*q**2 + 51*q. Give y(14).
-9
Let q(o) = -2 + 5 + 4*o + 2. Suppose y + 1502 = 2*j + 1495, 5*j - y - 1 = 0. Give q(j).
-3
Let f(b) = 9*b**2 - 51*b + 3. Let n(w) = -10*w**2 + 50*w - 3. Let m(k) = 4*f(k) + 3*n(k). Let g be m(9). Let j(u) = 3*u**2 + u + 2. Calculate j(g).
32
Let z be (-8)/(-6)*(-60)/(-40). Let m(b) = -51*b**2 + 4*b + 54*b**z - 5*b. Let k be (-31)/11 - 0 - 16/88. Determine m(k).
30
Let n(s) = -s**2 + 19*s - 82. Let v(y) = -42*y - 2006. Let w be v(-48). Calculate n(w).
8
Let l(q) = -1223707 + 2*q - q**3 - q**2 + q**2 + 1223642. What is l(0)?
-65
Let l(c) = 64 - 12*c**2 + 55 + 0*c**2 + 80*c - 101 + 50*c. Calculate l(11).
-4
Suppose 30 + 4 = 2*m. Let x(o) = 0*o**3 + 18*o + 7*o**2 - o**3 - 7 - m*o. What is x(7)?
0
Let y(j) = 3*j**3 - 4*j**2 + 2*j. Suppose -71*c = -89*c + 7452. Let t = c - 412. Calculate y(t).
12
Let y be -4*(-1 - -11)*12/(-96). Let o(r) = 15*r**2 + 3*r + 5*r - 4*r**2 - 4 - 12*r**2. Calculate o(y).
11
Let z(x) = 46*x - 906. Let w be z(20). Let k(o) = o**3 - 15*o**2 + 15*o - 6. Give k(w).
8
Let x(c) = c**2 - 25*c - 51. Let v be x(27). Let z(l) = 5*l - 4 + 3*l**3 - 4*l**2 - 2*l**3 - 2*l**3 + 0*l**v. Give z(-5).
-4
Let l = 0 - -2. Suppose 3*w + 1 = 2*b, -5*b + 11 = l*w - 1. Suppose -b*a + 9 = 3*y - a, -5*y + 15 = -a. Let n(r) = r**3 - 3*r**2 - 2. Calculate n(y).
-2
Let o be -2*6/3 - -1. Let i(c) be the third derivative of -c**5/60 - 5*c**4/24 - 5*c**3/6 - 3748*c**2 + 2*c. What is i(o)?
1
Let u(x) be the second derivative of -x**4/6 + 5*x**3/6 - 56*x + 12. Calculate u(6).
-42
Let p(b) = 2*b**2. Suppose -2*x - 4 = -4*x, 4*n + x - 54 = 0. Suppose n*v = 14 - 1. Calculate p(v).
2
Let d(g) = -14 - 4*g**2 + 4*g + 14*g**2 - 11*g**2 + 13*g. Let l be d(16). Suppose -5*b = -4*m + 25, -l*b = -0*b + 2. Let f(w) = w**2 - 4*w + 1. Determine f(m).
6
Suppose 613 = -7*u + 613. Let v(w) be the second derivative of 5/6*w**3 - 1/12*w**4 + 3/2*w**2 - 2*w + u. Determine v(5).
3
Let p(r) = -7*r**3 - 4*r**2 + 2*r - 2. Let m be (7/2 + -1)*-2 + 0. Let g(h) = 9*h**3 + 4*h**2 - 2*h + 1. Let j(i) = m*p(i) - 4*g(i). What is j(4)?
-2
Let f(c) be the third derivative of -7*c**5/30 - 5*c**4/12 - 7*c**3/2 - c**2 - c + 2826. Give f(-2).
-57
Let r be (2/(1 - 2) - -2) + 3. Let p(y) = 88*y**2 - 82*y**2 - r*y + 2*y**3 - 3*y - 3*y**3 + 1. What is p(4)?
9
Suppose a - 4 = -0. Let c(v) = 1. Let y(w) = -6*w - 22 + 35 - 21. Let l(i) = a*c(i) + y(i). What is l(-4)?
20
Let i(g) = 12*g - 2. Suppose 0*o + 15 = -3*h + 2*o, -o = h. Let u(s) = -23*s + 3. Let m(q) = h*u(q) - 5*i(q). Give m(1).
10
Let u(x) = -410*x + 144*x + 